{"id":374,"date":"2026-01-26T21:45:26","date_gmt":"2026-01-26T21:45:26","guid":{"rendered":"https:\/\/noemimestre.com\/?page_id=374"},"modified":"2026-01-26T22:06:31","modified_gmt":"2026-01-26T22:06:31","slug":"mas-sobre-mi","status":"publish","type":"page","link":"https:\/\/noemimestre.com\/?page_id=374","title":{"rendered":"M\u00e1s sobre m\u00ed"},"content":{"rendered":"<div data-colibri-id=\"374-c1\" class=\"style-338 style-local-374-c1 position-relative\">\r\n  <!---->\r\n  <div data-colibri-component=\"section\" data-colibri-id=\"374-c2\" id=\"about\" class=\"h-section h-section-global-spacing d-flex align-items-lg-center align-items-md-center align-items-center style-339 style-local-374-c2 position-relative\">\r\n    <!---->\r\n    <!---->\r\n    <div class=\"h-section-grid-container h-section-boxed-container\">\r\n      <!---->\r\n      <div data-colibri-id=\"374-c3\" class=\"h-row-container gutters-row-lg-0 gutters-row-md-0 gutters-row-0 gutters-row-v-lg-0 gutters-row-v-md-0 gutters-row-v-0 style-340 style-local-374-c3 position-relative\">\r\n        <!---->\r\n        <div class=\"h-row justify-content-lg-center justify-content-md-center justify-content-center align-items-lg-stretch align-items-md-stretch align-items-stretch gutters-col-lg-0 gutters-col-md-0 gutters-col-0 gutters-col-v-lg-0 gutters-col-v-md-0 gutters-col-v-0\">\r\n          <!---->\r\n          <div class=\"h-column h-column-container d-flex h-col-lg-auto h-col-md-auto h-col-auto style-341-outer style-local-374-c4-outer\">\r\n            <div data-colibri-id=\"374-c4\" class=\"d-flex h-flex-basis h-column__inner h-ui-empty-state-container h-px-lg-0 h-px-md-0 h-px-0 v-inner-lg-0 v-inner-md-0 v-inner-0 style-341 style-local-374-c4 position-relative\">\r\n              <!---->\r\n              <!---->\r\n              <div class=\"w-100 h-y-container h-column__content h-column__v-align flex-basis-100\">\r\n                <!---->\r\n              <\/div>\r\n            <\/div>\r\n          <\/div>\r\n          <div class=\"h-column h-column-container d-flex h-col-lg-auto h-col-md-auto h-col-auto style-342-outer style-local-374-c5-outer\">\r\n            <div data-colibri-id=\"374-c5\" class=\"d-flex h-flex-basis h-column__inner h-px-lg-2 h-px-md-2 h-px-2 v-inner-lg-2 v-inner-md-2 v-inner-2 style-342 style-local-374-c5 position-relative\">\r\n              <!---->\r\n              <!---->\r\n              <div class=\"w-100 h-y-container h-column__content h-column__v-align flex-basis-100 align-self-lg-start align-self-md-start align-self-start\">\r\n                <!---->\r\n                <div data-colibri-id=\"374-c6\" class=\"h-global-transition-all h-heading style-343 style-local-374-c6 position-relative h-element\">\r\n                  <!---->\r\n                  <div class=\"h-heading__outer style-343 style-local-374-c6\">\r\n                    <!---->\r\n                    <!---->\r\n                    <h5 class=\"\"><\/h5>\r\n                  <\/div>\r\n                <\/div>\r\n                <div data-colibri-id=\"374-c7\" class=\"h-global-transition-all h-heading style-344 style-local-374-c7 position-relative h-element\">\r\n                  <!---->\r\n                  <div class=\"h-heading__outer style-344 style-local-374-c7\">\r\n                    <!---->\r\n                    <!---->\r\n                    <h2 class=\"\">Tashi Delek,<\/h2>\r\n                  <\/div>\r\n                <\/div>\r\n                <div data-colibri-id=\"374-c8\" class=\"h-text h-text-component style-345 style-local-374-c8 position-relative h-element\">\r\n                  <!---->\r\n                  <!---->\r\n                  <div class=\"\">\r\n                    <p>Soy <strong>Noem\u00ed Mestre<\/strong>, terapeuta especializada en <strong>ba\u00f1os de sonido con cuencos tibetanos<\/strong>. <\/p>\r\n                    <p>Mi camino en la sonoterapia nace de una b\u00fasqueda personal de calma, escucha y equilibrio, y hoy se ha convertido en un espacio que comparto con otras personas. A trav\u00e9s del sonido y la vibraci\u00f3n acompa\u00f1o procesos de relajaci\u00f3n profunda,\r\n                      liberaci\u00f3n emocional y reconexi\u00f3n con uno mismo.<\/p>\r\n                    <p>Cada sesi\u00f3n es una invitaci\u00f3n a parar, a soltar el ruido externo y a dejar que el cuerpo y la mente entren en un estado de descanso consciente. Los cuencos tibetanos act\u00faan como un lenguaje sutil que armoniza, envuelve y sostiene,\r\n                      permitiendo que cada persona viva la experiencia desde donde est\u00e1, sin exigencias ni expectativas.<\/p>\r\n                    <p>Creo profundamente en el poder del sonido como herramienta de bienestar. Mi manera de acompa\u00f1ar es respetuosa, sensible y presente, creando un espacio \u00edntimo y seguro donde simplemente puedes ser, respirar y escuchar.<\/p>\r\n                    <p><strong>Si sientes que es el momento de regalarte una pausa y dejarte acompa\u00f1ar por el sonido, estar\u00e9 encantada de acompa\u00f1arte en este proceso.<\/strong><\/p>\r\n                    <p>\r\n                      <br>\r\n                    <\/p>\r\n                    <p>\r\n                      <br>\r\n                    <\/p>\r\n                  <\/div>\r\n                <\/div>\r\n              <\/div>\r\n            <\/div>\r\n          <\/div>\r\n        <\/div>\r\n      <\/div>\r\n    <\/div>\r\n  <\/div>\r\n<\/div>","protected":false},"excerpt":{"rendered":"<p>Tashi Delek, Soy Noem\u00ed Mestre, terapeuta especializada en ba\u00f1os de sonido con cuencos [&hellip;]<\/p>\n","protected":false},"author":1,"featured_media":0,"parent":0,"menu_order":0,"comment_status":"closed","ping_status":"closed","template":"page-templates\/full-width-page.php","meta":{"footnotes":""},"class_list":["post-374","page","type-page","status-publish","hentry"],"_links":{"self":[{"href":"https:\/\/noemimestre.com\/index.php?rest_route=\/wp\/v2\/pages\/374","targetHints":{"allow":["GET"]}}],"collection":[{"href":"https:\/\/noemimestre.com\/index.php?rest_route=\/wp\/v2\/pages"}],"about":[{"href":"https:\/\/noemimestre.com\/index.php?rest_route=\/wp\/v2\/types\/page"}],"author":[{"embeddable":true,"href":"https:\/\/noemimestre.com\/index.php?rest_route=\/wp\/v2\/users\/1"}],"replies":[{"embeddable":true,"href":"https:\/\/noemimestre.com\/index.php?rest_route=%2Fwp%2Fv2%2Fcomments&post=374"}],"version-history":[{"count":2,"href":"https:\/\/noemimestre.com\/index.php?rest_route=\/wp\/v2\/pages\/374\/revisions"}],"predecessor-version":[{"id":389,"href":"https:\/\/noemimestre.com\/index.php?rest_route=\/wp\/v2\/pages\/374\/revisions\/389"}],"wp:attachment":[{"href":"https:\/\/noemimestre.com\/index.php?rest_route=%2Fwp%2Fv2%2Fmedia&parent=374"}],"curies":[{"name":"wp","href":"https:\/\/api.w.org\/{rel}","templated":true}]}}